*u + 3*o. What is the remainder when 2 is divided by f(1)?
0
Let m(y) = -y**2 + y + 15. Calculate the remainder when 58 is divided by m(0).
13
Let s = -34 - -58. Let a = s - -16. What is the remainder when a is divided by 21?
19
Let c = -38 - -26. Suppose 0 = 2*j + 2*j + 3*b - 121, -5*j + 149 = 3*b. Calculate the remainder when j is divided by (-30)/(-4)*c/(-9).
8
Let p = 9 - 34. What is the remainder when (-1)/((-1)/p*-1) is divided by 13?
12
Calculate the remainder when (1/(8/(-12)))/(6/(-164)) is divided by 28.
13
Suppose 2*k - 8 = 2*v - 5*v, 2*k = -4*v + 8. Suppose -3*o + 99 = -k*y, 4*y - 32 - 100 = -4*o. Calculate the remainder when o is divided by 12.
9
Let y(i) = i**3 + 3*i**2 - 3*i + 1. What is the remainder when 0 + 107/4 + 4/16 is divided by y(-3)?
7
Suppose h + 0*h - 10 = 0. Suppose 21*j = 200 + 199. Calculate the remainder when j is divided by h.
9
Let l = -1 + 3. Let h(r) = -2*r**2 - 6*r. Let d(a) = a**2 + 6*a - 1. Let i(q) = 3*d(q) + 2*h(q). Calculate the remainder when i(2) is divided by l.
1
Suppose -7*l = -9*l + 14. Calculate the remainder when l is divided by 5.
2
Suppose 11*s - 6*s - 60 = 0. Calculate the remainder when 33 is divided by s.
9
Suppose c = 3*c - 38. Let l = -13 + 18. What is the remainder when c is divided by l?
4
Let v(p) = -p. Let t be v(-8). Suppose 0 = 4*i - t, -8*y + 3*i + 34 = -3*y. Calculate the remainder when y is divided by 2.
0
Suppose 9 = 2*n - 5*s - 15, 5*n = -3*s - 2. Suppose 4*i - 3*o - 25 = 0, -5*i + 34 = -0*i - o. Calculate the remainder when 1 + n + (20 - -2) is divided by i.
4
Let l(c) = 12 - 2 + 5 - c. What is the remainder when l(-7) is divided by 12?
10
Suppose 0 = -11*r + 528 + 583. What is the remainder when r is divided by 17?
16
Let p = 79 - 70. Calculate the remainder when p is divided by 6.
3
Suppose -4*u - a + 466 = 0, 0 = -2*a + a - 2. What is the remainder when u is divided by 40?
37
Suppose 154 = 9*a - 8. Suppose -w = 4*w. Suppose 0 = -w*l + 5*l - 265. Calculate the remainder when l is divided by a.
17
Let j be ((-8)/12)/(6/9). Let h(v) = -65*v - 1. Let a be h(j). What is the remainder when 42 is divided by a/6 - 1/(-3)?
9
Let k be 4/18 + (-2370)/(-27). Suppose -5*g - 4*v + k = -34, 4*g - 3*v = 110. Calculate the remainder when g is divided by 14.
12
Let g be 4 + (-16)/4 + -2. What is the remainder when (-2 - (g + 1)) + 4 is divided by 1?
0
Let a(k) = -13*k**3 - 2*k**2 - k. Let x be ((-14)/(-21))/(2/(-3)). Calculate the remainder when a(x) is divided by (2 + 0)*7/2.
5
Let a = 99 - 35. Let l = a + -29. Let d(n) = 3*n - 9. What is the remainder when l is divided by d(7)?
11
Suppose 0 = 6*l - 4*l. Suppose -z + 39 + 10 = l. What is the remainder when z is divided by 25?
24
Let d be (-3)/((3/(-10))/(-1)). Let v = -6 - d. Suppose -6 = 2*c - v*c. What is the remainder when 7 is divided by c?
1
Let t be (-4 - -1)*(-172)/(-6). Let c be t/(-4)*(-3 + 5). Calculate the remainder when 25 is divided by 8/20 - c/(-5).
7
Suppose -2*v = -6*v + 3*y + 63, 5*v - 84 = 2*y. What is the remainder when -1 - (-70 - (-1 + 1)) is divided by v?
15
Suppose -5*b - 139 + 454 = 0. Calculate the remainder when b is divided by 16.
15
Let q(z) = -2*z**3 - 2*z**2 + 2*z - 2. Let k(t) = t**3 - t**2 - 1. Let m(w) = -k(w) + q(w). What is the remainder when 29 is divided by m(-2)?
14
Calculate the remainder when 50 is divided by (1 - 3) + -2 + 2 - -21.
12
Suppose 0 = 3*s - 0*s - 12. Calculate the remainder when 41 is divided by s.
1
Let x(b) be the first derivative of 2*b**2 + b + 7. Suppose 5*a - 101 = -21. Calculate the remainder when a is divided by x(2).
7
Let o(q) = q**3 - 4*q**2 + 3*q + 4. Let i be o(3). Let c be 18/i + (-6)/12. Let w = c - 0. Calculate the remainder when 7 is divided by w.
3
Suppose 0*m = 5*m + 10. Let v(t) = 10*t**2 + 2*t. What is the remainder when v(m) is divided by 19?
17
Suppose 2*m + 1 + 1 = 0. Let n be m/4 + 18/8. Suppose n*p + 3*p = 10. What is the remainder when 4 is divided by p?
0
Suppose -5*p - 14 = -124. Let b = 13 + -7. Calculate the remainder when p is divided by b.
4
Suppose -x = 3*x + 24. Let l = -4 - x. Suppose -2*z = l*z - 12. What is the remainder when 7 is divided by z?
1
Let x be 9/1*(-6)/9. Suppose -7*c + 2*c + 166 = 4*m, -2*c + 63 = 5*m. Let w = c + x. What is the remainder when w is divided by 10?
8
Suppose 0 = -3*x + 4*a + 25, -2*a - 2*a - 18 = -2*x. Calculate the remainder when 26 is divided by x.
5
Calculate the remainder when 84/8*4 - 5 is divided by 8.
5
Let g = 12 + -2. Let z = -38 + 44. What is the remainder when g is divided by z?
4
Suppose 0 = 7*x - 4*x. Suppose -3*n + 4*n - 46 = x. What is the remainder when n is divided by 12?
10
Suppose -w = -5*w + 40. Calculate the remainder when 17 is divided by w.
7
Let o(q) = -q + 23. Let t be o(11). Suppose 2*v = -c + 26, -c = v - 0*c - t. Calculate the remainder when v is divided by 6.
2
Suppose 84 = -p + 3*p. Suppose 2*q = -q + p. Suppose -4*r = -2*r - q. What is the remainder when 13 is divided by r?
6
Let u(k) = -6*k**3 - k**2 - 2*k - 1. Let g = -1 - 0. Let m be u(g). What is the remainder when 14 is divided by 8 - m/(-4)*-2?
4
Suppose 2*o + 90 = 114. Calculate the remainder when o is divided by 5.
2
Suppose 0 = 4*l - 0*l - 156. Calculate the remainder when l is divided by 21.
18
Suppose 2*m + 3*m = z + 327, -2*m = z - 135. Calculate the remainder when m is divided by 14.
10
Suppose 0*m + 10 = m - 2*h, h = 2*m - 17. Suppose -3*o + 0*o - 87 = -5*k, 34 = 2*k - o. Let a = k - -14. Calculate the remainder when a is divided by m.
5
Let r = 1 + 4. Suppose 20 = -5*b, 15 = -5*y - 5*b - r. Suppose y*u - 3*u + 33 = 0. What is the remainder when 31 is divided by u?
9
Suppose 13 + 13 = v - 4*n, 2*n = -4*v + 14. Suppose 0 = -v*b + b + 20. Calculate the remainder when 17 is divided by b.
1
Suppose 30 = 4*r + 2*y, 5*r = 3*y + 5 + 49. Let p(z) = 2*z - 4. Let x be p(3). Suppose -47 = -3*v - x. Calculate the remainder when v is divided by r.
6
Calculate the remainder when 506/30 - (-26)/195 is divided by 6.
5
Suppose -80 = -2*z - 3*z. What is the remainder when 95 is divided by z?
15
Let j(q) = -1 + 0*q + 5*q + q**2 + 4 + 0*q**2. Calculate the remainder when 49 is divided by j(-7).
15
Let c = 121 - 72. Suppose -c = -3*j - q - 6, j = -5*q + 5. Calculate the remainder when 43 is divided by j.
13
Suppose u = 10 - 5. Let r = 2 + u. Calculate the remainder when r is divided by 3.
1
What is the remainder when (4 - 6) + 396/(-2 - -6) is divided by 20?
17
What is the remainder when 77 is divided by (3/(-4) - -1) + 39/4?
7
Suppose 78 = 3*o - o. Suppose 0 = g + 2*g - o. Let d(f) = f + 25. What is the remainder when d(0) is divided by g?
12
Let d(w) = -w**3 + 6*w**2 - w - 3. Let z be d(5). Let s = z + -5. Calculate the remainder when 33 is divided by s.
9
Let y = 18 + -6. Let m be (y/10)/(2/5). Suppose -m*l - i = -0*l - 89, 43 = l + 3*i. What is the remainder when l is divided by 10?
8
Let z be 12/(-8)*(-8)/3. Suppose -z*p - 52 = -5*a, -4*a - p + 70 - 20 = 0. Calculate the remainder when ((-9)/(-6))/(3/68) is divided by a.
10
Suppose 22*l = 8*l + 3178. What is the remainder when l is divided by 46?
43
Calculate the remainder when (-5)/45 + (-1334)/(-18) is divided by 26.
22
Let g(s) = s**2 + 2*s - 5. Let j(p) = p - 9. Let a(n) = n - 5. Let x be a(9). Let t be j(x). Calculate the remainder when g(t) is divided by 4.
2
Let o(b) = -b**2 + 16*b + 26. Calculate the remainder when o(15) is divided by 16.
9
Let h(v) = -2*v - 4. Let j be h(-3). Let u(s) = -18*s + 2. Let q(z) = -9*z + 1. Let f(w) = -13*q(w) + 6*u(w). What is the remainder when f(j) is divided by 9?
8
Let v(z) = z**3 - 2*z**2 - z - 3. Let f = 13 - 8. Suppose f*g = -4*n + 37, -36 = -3*g + n - 7. Calculate the remainder when v(4) is divided by g.
7
Suppose 5*i + 45 = 4*o, -2*o = -i - 1 - 2. Let w = i - -28. Calculate the remainder when 44 is divided by w.
14
Suppose 4*o - 24 = -3*q, 0 = -q + 4*o - 0 - 8. Suppose q*f + f - 5 = 0. Calculate the remainder when 2 is divided by f.
0
Let i = 26 + -18. Suppose 13 = -5*j - 22. Let g = j - -22. Calculate the remainder when g is divided by i.
7
Suppose 4*l + 110 = 14*l. What is the remainder when 75 is divided by l?
9
Suppose 3*o = -o. Suppose c - 46 = -3*w - o, -2*c + 8 = 0. Calculate the remainder when w is divided by 5.
4
What is the remainder 